 and 7.
1
Calculate the highest common divisor of 3654 and 2175.
87
Calculate the greatest common factor of 7 and 679.
7
What is the highest common divisor of 8 and 17?
1
What is the greatest common divisor of 45 and 4086?
9
What is the highest common divisor of 34 and 119?
17
Calculate the highest common divisor of 3 and 791.
1
What is the highest common factor of 1593 and 189?
27
Calculate the greatest common factor of 20 and 5740.
20
Calculate the greatest common factor of 551 and 29.
29
What is the greatest common divisor of 208 and 39?
13
Calculate the greatest common divisor of 1325 and 75.
25
What is the greatest common factor of 182 and 14?
14
What is the highest common factor of 352 and 11528?
88
Calculate the highest common factor of 65 and 1.
1
What is the highest common divisor of 4 and 900?
4
What is the greatest common divisor of 6208 and 97?
97
What is the highest common divisor of 540 and 27?
27
Calculate the greatest common factor of 192 and 696.
24
Calculate the greatest common factor of 133 and 21.
7
What is the highest common divisor of 175 and 7?
7
Calculate the greatest common factor of 14 and 210.
14
What is the highest common divisor of 76 and 190?
38
Calculate the highest common divisor of 945 and 35.
35
What is the greatest common factor of 448 and 32?
32
What is the highest common factor of 2171 and 1169?
167
Calculate the highest common divisor of 17 and 11747.
17
What is the highest common factor of 15 and 815?
5
What is the greatest common divisor of 368 and 23?
23
What is the greatest common divisor of 252 and 98?
14
Calculate the highest common divisor of 2 and 4.
2
Calculate the greatest common factor of 11 and 539.
11
Calculate the highest common divisor of 40418 and 14.
14
What is the greatest common factor of 36 and 6444?
36
What is the highest common divisor of 140 and 2540?
20
Calculate the highest common divisor of 35 and 119.
7
What is the highest common divisor of 540 and 228?
12
What is the greatest common divisor of 344 and 4042?
86
Calculate the greatest common divisor of 1981 and 7.
7
Calculate the highest common factor of 40 and 53540.
20
What is the highest common divisor of 156 and 48?
12
Calculate the highest common divisor of 19 and 11419.
19
What is the greatest common divisor of 336 and 144?
48
What is the greatest common factor of 9 and 729?
9
What is the highest common factor of 12993 and 183?
183
What is the highest common factor of 13 and 104?
13
What is the greatest common factor of 55 and 10615?
55
Calculate the greatest common factor of 14 and 126.
14
What is the highest common divisor of 62 and 31?
31
What is the highest common divisor of 18 and 27?
9
Calculate the greatest common factor of 4236 and 24.
12
What is the greatest common factor of 1083 and 114?
57
Calculate the highest common factor of 1930 and 10.
10
What is the greatest common divisor of 20 and 22840?
20
Calculate the greatest common divisor of 91 and 6006.
91
What is the highest common divisor of 507 and 28561?
169
Calculate the greatest common divisor of 319 and 116.
29
What is the greatest common divisor of 518 and 14?
14
What is the highest common divisor of 329 and 893?
47
Calculate the highest common factor of 180 and 140.
20
What is the highest common divisor of 640 and 704?
64
What is the greatest common divisor of 40 and 920?
40
What is the greatest common factor of 21 and 49?
7
What is the greatest common factor of 1197 and 228?
57
What is the highest common factor of 672 and 608?
32
Calculate the highest common divisor of 20 and 1620.
20
Calculate the highest common divisor of 360 and 40.
40
Calculate the greatest common divisor of 2756 and 78.
26
What is the greatest common factor of 102 and 170?
34
What is the greatest common divisor of 66 and 246?
6
What is the highest common divisor of 236 and 2006?
118
Calculate the highest common divisor of 17 and 221.
17
Calculate the greatest common divisor of 43 and 19479.
43
What is the highest common factor of 4665 and 15?
15
Calculate the greatest common factor of 80 and 64.
16
What is the highest common factor of 611 and 26?
13
Calculate the highest common divisor of 208 and 2054.
26
What is the greatest common factor of 32 and 32?
32
Calculate the greatest common divisor of 1384 and 1903.
173
What is the greatest common divisor of 16 and 512?
16
What is the highest common factor of 231 and 56?
7
What is the greatest common divisor of 6204 and 33?
33
Calculate the greatest common factor of 140 and 5400.
20
What is the highest common divisor of 49 and 2401?
49
What is the greatest common divisor of 32 and 41824?
32
What is the greatest common divisor of 20329 and 116?
29
Calculate the highest common factor of 1008 and 224.
112
Calculate the greatest common divisor of 7872 and 615.
123
What is the greatest common factor of 25980 and 20?
20
What is the greatest common factor of 7 and 1701?
7
Calculate the greatest common divisor of 165 and 10.
5
Calculate the highest common divisor of 91 and 65.
13
What is the highest common divisor of 575 and 23?
23
What is the highest common divisor of 101 and 10504?
101
What is the highest common divisor of 495 and 275?
55
Calculate the greatest common factor of 25 and 175.
25
Calculate the highest common divisor of 1044 and 180.
36
What is the highest common factor of 348 and 8584?
116
Calculate the greatest common divisor of 65 and 4836.
13
Calculate the greatest common factor of 62 and 496.
62
Calculate the highest common factor of 41 and 7.
1
Calculate the greatest common factor of 5325 and 25.
25
What is the highest common divisor of 26 and 65?
13
Calculate the highest common divisor of 60 and 150.
30
Calculate the highest common factor of 20 and 5.
5
What is the greatest common factor of 73 and 3431?
73
Calculate the highest common factor of 6194 and 76.
38
What is the greatest common factor of 52 and 4628?
52
What is the highest common divisor of 50 and 850?
50
What is the greatest common factor of 1656 and 312?
24
What is the greatest common divisor of 466 and 2?
2
Calculate the highest common divisor of 13 and 3.
1
Calculate the highest common factor of 630 and 231.
21
Calculate the greatest common factor of 11870 and 10.
10
What is the highest common factor of 455 and 427?
7
What is the highest common divisor of 180 and 864?
36
Calculate the highest common divisor of 195 and 351.
39
What is the highest common factor of 59 and 4071?
59
Calculate the highest common divisor of 90 and 3366.
18
Calculate the greatest common divisor of 4444 and 220.
44
Calculate the highest common divisor of 219 and 365.
73
Calculate the highest common divisor of 290 and 80.
10
Calculate the highest common divisor of 2491 and 159.
53
What is the greatest common factor of 112 and 2275?
7
Calculate the greatest common factor of 2225 and 1157.
89
Calculate the greatest common factor of 28 and 700.
28
Calculate the greatest common divisor of 16 and 16.
16
Calculate the highest common factor of 324 and 12.
12
What is the greatest common factor of 80 and 176?
16
What is the highest common factor of 759 and 231?
33
Calculate the highest common factor of 101 and 707.
101
What is the greatest common divisor of 1260 and 700?
140
Calculate the greatest common divisor of 60 and 80.
20
What is the greatest common factor of 89493 and 23?
23
Calculate the greatest common factor of 550 and 150.
50
Calculate the greatest common factor of 4681 and 62.
31
What is the highest common factor of 3950 and 158?
158
What is the greatest common divisor of 504 and 1288?
56
What is the highest common factor of 287 and 49?
7
Calculate the greatest common divisor of 57 and 57.
57
What is the highest common factor of 8 and 152?
8
Calculate the highest common divisor of 18 and 4203.
9
Calculate the highest common factor of 18 and 1038.
6
What is the highest common divisor of 350 and 250?
50
What is the highest common factor of 12 and 15?
3
What is the greatest common factor of 1919 and 19?
19
What is the greatest common factor of 5 and 255?
5
What is the greatest common divisor of 5989 and 113?
113
What is the highest common factor of 116 and 4611?
29
What is the highest common divisor of 3582 and 18?
18
What is the greatest common factor of 2523 and 3567?
87
What is th